thousands digit of 42256647?
2
What is the thousands digit of 320467?
0
What is the hundred thousands digit of 13192572?
1
What is the units digit of 26439415?
5
What is the ten thousands digit of 396283?
9
What is the tens digit of 20868?
6
What is the tens digit of 915084?
8
What is the thousands digit of 112606?
2
What is the thousands digit of 236018?
6
What is the ten thousands digit of 17450768?
5
What is the tens digit of 538177?
7
What is the tens digit of 278779?
7
What is the units digit of 1544915?
5
What is the hundred thousands digit of 413136?
4
What is the ten thousands digit of 792057?
9
What is the hundred thousands digit of 426340?
4
What is the tens digit of 392249?
4
What is the hundreds digit of 2082522?
5
What is the ten thousands digit of 15587480?
8
What is the ten thousands digit of 2564367?
6
What is the ten thousands digit of 3531997?
3
What is the units digit of 1148188?
8
What is the thousands digit of 309290?
9
What is the hundred thousands digit of 121129?
1
What is the units digit of 142420?
0
What is the ten thousands digit of 2793350?
9
What is the thousands digit of 857924?
7
What is the hundreds digit of 8262256?
2
What is the tens digit of 4529957?
5
What is the thousands digit of 20211048?
1
What is the ten thousands digit of 62450?
6
What is the hundreds digit of 5865192?
1
What is the units digit of 8103735?
5
What is the hundred thousands digit of 471349?
4
What is the thousands digit of 197622?
7
What is the hundreds digit of 3400354?
3
What is the ten thousands digit of 1230140?
3
What is the units digit of 1346351?
1
What is the hundred thousands digit of 380053?
3
What is the millions digit of 3760576?
3
What is the ten thousands digit of 7614306?
1
What is the millions digit of 5565769?
5
What is the hundred thousands digit of 238126?
2
What is the ten thousands digit of 23450703?
5
What is the ten thousands digit of 136745?
3
What is the thousands digit of 1084771?
4
What is the hundreds digit of 3414486?
4
What is the hundred thousands digit of 2301931?
3
What is the thousands digit of 14217731?
7
What is the hundreds digit of 1882004?
0
What is the units digit of 4235524?
4
What is the hundreds digit of 97698?
6
What is the ten thousands digit of 402048?
0
What is the ten thousands digit of 179742?
7
What is the units digit of 929771?
1
What is the hundred thousands digit of 1784458?
7
What is the units digit of 79146?
6
What is the thousands digit of 103055?
3
What is the hundreds digit of 9571187?
1
What is the units digit of 6078250?
0
What is the units digit of 391946?
6
What is the tens digit of 320503?
0
What is the ten thousands digit of 5683077?
8
What is the units digit of 222903?
3
What is the units digit of 155509?
9
What is the hundreds digit of 17614001?
0
What is the hundred thousands digit of 921430?
9
What is the millions digit of 20329536?
0
What is the ten thousands digit of 621587?
2
What is the hundred thousands digit of 431877?
4
What is the units digit of 935848?
8
What is the hundreds digit of 147654?
6
What is the ten thousands digit of 4853923?
5
What is the ten thousands digit of 2742705?
4
What is the ten thousands digit of 348388?
4
What is the units digit of 31341?
1
What is the thousands digit of 2092144?
2
What is the millions digit of 2257711?
2
What is the hundreds digit of 21841855?
8
What is the ten thousands digit of 1998766?
9
What is the units digit of 33008247?
7
What is the thousands digit of 133257?
3
What is the hundred thousands digit of 1317012?
3
What is the units digit of 4951175?
5
What is the units digit of 250314?
4
What is the ten thousands digit of 188241?
8
What is the tens digit of 978670?
7
What is the ten thousands digit of 113394?
1
What is the units digit of 5632351?
1
What is the ten thousands digit of 5382406?
8
What is the ten thousands digit of 87325?
8
What is the units digit of 1493516?
6
What is the ten thousands digit of 6813003?
1
What is the units digit of 157823?
3
What is the thousands digit of 221793?
1
What is the units digit of 1880000?
0
What is the hundreds digit of 495417?
4
What is the ten thousands digit of 59024?
5
What is the ten millions digit of 33845721?
3
What is the millions digit of 2991644?
2
What is the millions digit of 1059990?
1
What is the thousands digit of 24233355?
3
What is the hundreds digit of 59072?
0
What is the hundreds digit of 1645587?
5
What is the millions digit of 5717069?
5
What is the tens digit of 1370824?
2
What is the thousands digit of 2734407?
4
What is the tens digit of 344691?
9
What is the tens digit of 759766?
6
What is the hundred thousands digit of 667941?
6
What is the hundred thousands digit of 1027250?
0
What is the hundred thousands digit of 17053318?
0
What is the hundreds digit of 3345815?
8
What is the tens digit of 1020444?
4
What is the units digit of 8136248?
8
What is the ten thousands digit of 342682?
4
What is the units digit of 15429784?
4
What is the tens digit of 254234?
3
What is the thousands digit of 123782?
3
What is the tens digit of 1162491?
9
What is the tens digit of 6911985?
8
What is the millions digit of 4378305?
4
What is the millions digit of 5121785?
5
What is the hundreds digit of 19274419?
4
What is the tens digit of 22308001?
0
What is the tens digit of 50006?
0
What is the ten millions digit of 18410704?
1
What is the units digit of 12526018?
8
What is the ten thousands digit of 276616?
7
What is the units digit of 581923?
3
What is the hundreds digit of 1095516?
5
What is the ten millions digit of 22195280?
2
What is the hundred thousands digit of 562652?
5
What is the thousands digit of 218086?
8
What is the thousands digit of 89090?
9
What is the tens digit of 368440?
4
What is the units digit of 145116?
6
What is the ten millions digit of 30240916?
3
What is the thousands digit of 6048388?
8
What is the millions digit of 20149503?
0
What is the ten thousands digit of 140177?
4
What is the tens digit of 215540?
4
What is the ten millions digit of 17697372?
1
What is the thousands digit of 535459?
5
What is the hundred thousands digit of 217107?
2
What is the ten millions digit of 11733808?
1
What is the hundred thousands digit of 808827?
8
What is the thousands digit of 2658870?
8
What is the units digit of 8323544?
4
What is the units digit of 9673361?
1
What is the hundreds digit of 627215?
2
What is the tens digit of 2612292?
9
What is the hundreds digit of 466350?
3
What is the hundred thousands digit of 1050408?
0
What is the thousands digit of 1838477?
8
What is the tens digit of 96171?
7
What is the hundreds digit of 109263?
2
What is the tens digit of 22233107?
0
What is the units digit of 560178?
8
What is the units digit of 2196965?
5
What is the tens digit of 2267715?
1
What is the tens digit of 7528085?
8
What is the millions digit of 1317098?
1
What is the hundreds digit of 142564?
5
What is the hundred thousands digit of 580719?
5
What is the tens digit of 2333118?
1
What is the tens digit of 18433034?
3
What is the ten thousands digit of 12949007?
4
What is the hundred thousands digit of 1707539?
7
What is the units digit of 1872566?
6
What is the millions digit of 14964872?
4
What is the units digit of 107993?
3
What is the ten thousands digit of 732025?
3
What is the thousands digit of 807173?
7
What is the hundreds digit of 613117?
1
What is the thousands digit of 1255594?
5
What is the ten millions digit of 11055295?
1
What is the tens digit of 719998?
9
What is the units digit of 1072292?
2
What is the hundreds digit of 60261?
2
What is the thousands digit of 406506?
6
What is the thousands digit of 26498426?
8
What is the hundreds digit of 4164537?
5
What is the tens digit of 172824?
2
What is the hundred thousands digit of 214176?
2
What is the ten thousands digit of 7587171?
8
What is the hundreds digit of 581976?
9
What is the units digit of 8668073?
3
What is the tens digit of 5268995?
9
What is the hundreds digit of 2735364?
3
What is the hundreds digit of 13187?
1
What is the units digit of 4229080?
0
What is the hundreds digit of 271441?
4
What is the units digit of 2982833?
3
What is the thousands digit of 123223?
3
What is the thousands digit of 6460546?
0
What is the thousands digit of 3744014?
4
What is the